{"id":50,"date":"2021-10-28T04:08:26","date_gmt":"2021-10-28T04:08:26","guid":{"rendered":"https:\/\/logisto-demo.pbminfotech.com\/datasite-demo4\/?page_id=30113"},"modified":"2021-10-28T04:08:26","modified_gmt":"2021-10-28T04:08:26","slug":"service","status":"publish","type":"page","link":"https:\/\/www.solibra.com.tr\/?page_id=50","title":{"rendered":"Service"},"content":{"rendered":"\t\t<div data-elementor-type=\"wp-page\" data-elementor-id=\"50\" class=\"elementor elementor-50\">\n\t\t\t\t\t\t<div class=\"elementor-section elementor-top-section elementor-element elementor-element-6a409cd8 thsn-bg-color-yes thsn-elementor-bg-color-light elementor-section-stretched thsn-col-stretched-none thsn-bg-color-over-image elementor-section-boxed elementor-section-height-default elementor-section-height-default\" data-id=\"6a409cd8\" data-element_type=\"section\" data-settings=\"{&quot;stretch_section&quot;:&quot;section-stretched&quot;}\">\n\t\t\t\t\t\t<div class=\"elementor-container elementor-column-gap-no\">\n\t\t\t\t\t<div class=\"elementor-column elementor-col-100 elementor-top-column elementor-element elementor-element-5f78ed1c thsn-bg-color-over-image\" data-id=\"5f78ed1c\" data-element_type=\"column\">\n\t\t\t<div class=\"elementor-widget-wrap elementor-element-populated\">\n\t\t\t\t\t\t<div class=\"elementor-element elementor-element-6bb7194 thsn-align-left elementor-widget elementor-widget-thsn_service_element\" data-id=\"6bb7194\" data-element_type=\"widget\" data-widget_type=\"thsn_service_element.default\">\n\t\t\t\t<div class=\"elementor-widget-container\">\n\t\t\t\r\n\t\t<div class=\"themesion-element themesion-element-service thsn-element-service-style-1 themesion-element-viewtype-row-column themesion-gap-30px thsn-infinite-scroll-no thsn-infinite-scroll-button-no\" data-cpt=\"service\" data-totalpagination=\"4\" data-style=\"1\" data-show=\"9\" data-columns=\"3\" data-loop=\"false\" data-autoplay=\"false\" data-center=\"false\" data-nav=\"false\" data-dots=\"false\" data-autoplayspeed=\"1000\" data-margin=\"30px\"><div class=\"themesion-element-inner\"><div class=\"thsn-infinite-scroll-data\">{\"cpt\":\"service\",\"style\":\"1\",\"columns\":\"3\",\"show\":9,\"order\":\"DESC\",\"orderby\":\"DESC\"}<\/div>\r\n\t\t\t<div class=\"thsn-ele-header-area\">\r\n\t\t\t\t\t<div class=\"thsn-heading-subheading left-align \"><\/div>\r\n\t\t\t\t\r\n\t\t\t<\/div>\r\n\r\n\t\t\t<div class=\"thsn-element-posts-wrapper row multi-columns-row\">\r\n\r\n\t\t\t<article class=\"thsn-ele thsn-ele-service thsn-service-style-1 col-md-4   \"><div class=\"themesion-post-item\">\r\n\t<div class=\"thsn-service-img-wrapper\">\r\n\t\t<div class=\"thsn-featured-wrapper\"><a href=\"https:\/\/www.solibra.com.tr\/?thsn-service=%D8%A7%D9%84%D8%AA%D8%B9%D8%A7%D9%85%D9%84-%D9%85%D8%B9-%D8%A7%D9%84%D8%A8%D8%B6%D8%A7%D8%A6%D8%B9-%D8%A7%D9%84%D8%B9%D8%A7%D8%A8%D8%B1%D8%A9&amp;lang=ar\"><img fetchpriority=\"high\" decoding=\"async\" width=\"720\" height=\"650\" src=\"https:\/\/www.solibra.com.tr\/wp-content\/uploads\/2023\/12\/full-shot-man-carrying-box-720x650.jpg\" class=\"attachment-thsn-img-720x650 size-thsn-img-720x650 wp-post-image\" alt=\"\" \/><\/a><\/div>\t<\/div>\r\n\t<h3 class=\"thsn-service-title1\"><a href=\"https:\/\/www.solibra.com.tr\/?thsn-service=%D8%A7%D9%84%D8%AA%D8%B9%D8%A7%D9%85%D9%84-%D9%85%D8%B9-%D8%A7%D9%84%D8%A8%D8%B6%D8%A7%D8%A6%D8%B9-%D8%A7%D9%84%D8%B9%D8%A7%D8%A8%D8%B1%D8%A9&#038;lang=ar\">\u0627\u0644\u062a\u0639\u0627\u0645\u0644 \u0645\u0639 \u0627\u0644\u0628\u0636\u0627\u0626\u0639 \u0627\u0644\u0639\u0627\u0628\u0631\u0629<\/a><\/h3>\r\n\t<div class=\"themesion-box-content\">\r\n\t\t<div class=\"themesion-box-content-inner\">\r\n\t\t\t\t<div class=\"thsn-service-icon-wrapper\">\r\n\t\t\t\t\t<i class=\"thsn-logisto-icon thsn-logisto-icon-airplane-around-earth\"><\/i>\t\t\t\t<\/div>\r\n\t\t\t\t<h3 class=\"thsn-service-title\"><a href=\"https:\/\/www.solibra.com.tr\/?thsn-service=%D8%A7%D9%84%D8%AA%D8%B9%D8%A7%D9%85%D9%84-%D9%85%D8%B9-%D8%A7%D9%84%D8%A8%D8%B6%D8%A7%D8%A6%D8%B9-%D8%A7%D9%84%D8%B9%D8%A7%D8%A8%D8%B1%D8%A9&#038;lang=ar\">\u0627\u0644\u062a\u0639\u0627\u0645\u0644 \u0645\u0639 \u0627\u0644\u0628\u0636\u0627\u0626\u0639 \u0627\u0644\u0639\u0627\u0628\u0631\u0629<\/a><\/h3>\r\n\t\t\t\t\t\t<div class=\"thsn-service-btn\">\r\n\t\t\t<a class=\"btn-arrow\" href=\"https:\/\/www.solibra.com.tr\/?thsn-service=%D8%A7%D9%84%D8%AA%D8%B9%D8%A7%D9%85%D9%84-%D9%85%D8%B9-%D8%A7%D9%84%D8%A8%D8%B6%D8%A7%D8%A6%D8%B9-%D8%A7%D9%84%D8%B9%D8%A7%D8%A8%D8%B1%D8%A9&#038;lang=ar\" title=\"\u0627\u0644\u062a\u0639\u0627\u0645\u0644 \u0645\u0639 \u0627\u0644\u0628\u0636\u0627\u0626\u0639 \u0627\u0644\u0639\u0627\u0628\u0631\u0629\">Read More<\/a>\r\n\t\t\t<\/div>\r\n\t\t<\/div>\r\n\t<\/div>\r\n<\/div><\/article><article class=\"thsn-ele thsn-ele-service thsn-service-style-1 col-md-4   \"><div class=\"themesion-post-item\">\r\n\t<div class=\"thsn-service-img-wrapper\">\r\n\t\t<div class=\"thsn-featured-wrapper\"><a href=\"https:\/\/www.solibra.com.tr\/?thsn-service=manuseio-de-carga-em-transito&amp;lang=pt\"><img fetchpriority=\"high\" decoding=\"async\" width=\"720\" height=\"650\" src=\"https:\/\/www.solibra.com.tr\/wp-content\/uploads\/2023\/12\/full-shot-man-carrying-box-720x650.jpg\" class=\"attachment-thsn-img-720x650 size-thsn-img-720x650 wp-post-image\" alt=\"\" \/><\/a><\/div>\t<\/div>\r\n\t<h3 class=\"thsn-service-title1\"><a href=\"https:\/\/www.solibra.com.tr\/?thsn-service=manuseio-de-carga-em-transito&#038;lang=pt\">Manuseio de carga em tr\u00e2nsito<\/a><\/h3>\r\n\t<div class=\"themesion-box-content\">\r\n\t\t<div class=\"themesion-box-content-inner\">\r\n\t\t\t\t<div class=\"thsn-service-icon-wrapper\">\r\n\t\t\t\t\t<i class=\"thsn-logisto-icon thsn-logisto-icon-airplane-around-earth\"><\/i>\t\t\t\t<\/div>\r\n\t\t\t\t<h3 class=\"thsn-service-title\"><a href=\"https:\/\/www.solibra.com.tr\/?thsn-service=manuseio-de-carga-em-transito&#038;lang=pt\">Manuseio de carga em tr\u00e2nsito<\/a><\/h3>\r\n\t\t\t\t\t\t<div class=\"thsn-service-btn\">\r\n\t\t\t<a class=\"btn-arrow\" href=\"https:\/\/www.solibra.com.tr\/?thsn-service=manuseio-de-carga-em-transito&#038;lang=pt\" title=\"Manuseio de carga em tr\u00e2nsito\">Read More<\/a>\r\n\t\t\t<\/div>\r\n\t\t<\/div>\r\n\t<\/div>\r\n<\/div><\/article><article class=\"thsn-ele thsn-ele-service thsn-service-style-1 col-md-4   \"><div class=\"themesion-post-item\">\r\n\t<div class=\"thsn-service-img-wrapper\">\r\n\t\t<div class=\"thsn-featured-wrapper\"><a href=\"https:\/\/www.solibra.com.tr\/?thsn-service=manejo-de-carga-en-transito&amp;lang=es\"><img fetchpriority=\"high\" decoding=\"async\" width=\"720\" height=\"650\" src=\"https:\/\/www.solibra.com.tr\/wp-content\/uploads\/2023\/12\/full-shot-man-carrying-box-720x650.jpg\" class=\"attachment-thsn-img-720x650 size-thsn-img-720x650 wp-post-image\" alt=\"\" \/><\/a><\/div>\t<\/div>\r\n\t<h3 class=\"thsn-service-title1\"><a href=\"https:\/\/www.solibra.com.tr\/?thsn-service=manejo-de-carga-en-transito&#038;lang=es\">Manejo de carga en tr\u00e1nsito<\/a><\/h3>\r\n\t<div class=\"themesion-box-content\">\r\n\t\t<div class=\"themesion-box-content-inner\">\r\n\t\t\t\t<div class=\"thsn-service-icon-wrapper\">\r\n\t\t\t\t\t<i class=\"thsn-logisto-icon thsn-logisto-icon-airplane-around-earth\"><\/i>\t\t\t\t<\/div>\r\n\t\t\t\t<h3 class=\"thsn-service-title\"><a href=\"https:\/\/www.solibra.com.tr\/?thsn-service=manejo-de-carga-en-transito&#038;lang=es\">Manejo de carga en tr\u00e1nsito<\/a><\/h3>\r\n\t\t\t\t\t\t<div class=\"thsn-service-btn\">\r\n\t\t\t<a class=\"btn-arrow\" href=\"https:\/\/www.solibra.com.tr\/?thsn-service=manejo-de-carga-en-transito&#038;lang=es\" title=\"Manejo de carga en tr\u00e1nsito\">Read More<\/a>\r\n\t\t\t<\/div>\r\n\t\t<\/div>\r\n\t<\/div>\r\n<\/div><\/article><article class=\"thsn-ele thsn-ele-service thsn-service-style-1 col-md-4   \"><div class=\"themesion-post-item\">\r\n\t<div class=\"thsn-service-img-wrapper\">\r\n\t\t<div class=\"thsn-featured-wrapper\"><a href=\"https:\/\/www.solibra.com.tr\/?thsn-service=transit-cargo-handling\"><img fetchpriority=\"high\" decoding=\"async\" width=\"720\" height=\"650\" src=\"https:\/\/www.solibra.com.tr\/wp-content\/uploads\/2023\/12\/full-shot-man-carrying-box-720x650.jpg\" class=\"attachment-thsn-img-720x650 size-thsn-img-720x650 wp-post-image\" alt=\"\" \/><\/a><\/div>\t<\/div>\r\n\t<h3 class=\"thsn-service-title1\"><a href=\"https:\/\/www.solibra.com.tr\/?thsn-service=transit-cargo-handling\">Transit Cargo Handling<\/a><\/h3>\r\n\t<div class=\"themesion-box-content\">\r\n\t\t<div class=\"themesion-box-content-inner\">\r\n\t\t\t\t<div class=\"thsn-service-icon-wrapper\">\r\n\t\t\t\t\t<i class=\"thsn-logisto-icon thsn-logisto-icon-airplane-around-earth\"><\/i>\t\t\t\t<\/div>\r\n\t\t\t\t<h3 class=\"thsn-service-title\"><a href=\"https:\/\/www.solibra.com.tr\/?thsn-service=transit-cargo-handling\">Transit Cargo Handling<\/a><\/h3>\r\n\t\t\t\t\t\t<div class=\"thsn-service-btn\">\r\n\t\t\t<a class=\"btn-arrow\" href=\"https:\/\/www.solibra.com.tr\/?thsn-service=transit-cargo-handling\" title=\"Transit Cargo Handling\">Read More<\/a>\r\n\t\t\t<\/div>\r\n\t\t<\/div>\r\n\t<\/div>\r\n<\/div><\/article><article class=\"thsn-ele thsn-ele-service thsn-service-style-1 col-md-4   \"><div class=\"themesion-post-item\">\r\n\t<div class=\"thsn-service-img-wrapper\">\r\n\t\t<div class=\"thsn-featured-wrapper\"><a href=\"https:\/\/www.solibra.com.tr\/?thsn-service=oog-proje-yonetimi-2&amp;lang=tr\"><img fetchpriority=\"high\" decoding=\"async\" width=\"720\" height=\"650\" src=\"https:\/\/www.solibra.com.tr\/wp-content\/uploads\/2023\/12\/full-shot-man-carrying-box-720x650.jpg\" class=\"attachment-thsn-img-720x650 size-thsn-img-720x650 wp-post-image\" alt=\"\" \/><\/a><\/div>\t<\/div>\r\n\t<h3 class=\"thsn-service-title1\"><a href=\"https:\/\/www.solibra.com.tr\/?thsn-service=oog-proje-yonetimi-2&#038;lang=tr\">Transit Y\u00fck Ta\u015f\u0131mac\u0131l\u0131\u011f\u0131<\/a><\/h3>\r\n\t<div class=\"themesion-box-content\">\r\n\t\t<div class=\"themesion-box-content-inner\">\r\n\t\t\t\t<div class=\"thsn-service-icon-wrapper\">\r\n\t\t\t\t\t<i class=\"thsn-logisto-icon thsn-logisto-icon-airplane-around-earth\"><\/i>\t\t\t\t<\/div>\r\n\t\t\t\t<h3 class=\"thsn-service-title\"><a href=\"https:\/\/www.solibra.com.tr\/?thsn-service=oog-proje-yonetimi-2&#038;lang=tr\">Transit Y\u00fck Ta\u015f\u0131mac\u0131l\u0131\u011f\u0131<\/a><\/h3>\r\n\t\t\t\t\t\t<div class=\"thsn-service-btn\">\r\n\t\t\t<a class=\"btn-arrow\" href=\"https:\/\/www.solibra.com.tr\/?thsn-service=oog-proje-yonetimi-2&#038;lang=tr\" title=\"Transit Y\u00fck Ta\u015f\u0131mac\u0131l\u0131\u011f\u0131\">Read More<\/a>\r\n\t\t\t<\/div>\r\n\t\t<\/div>\r\n\t<\/div>\r\n<\/div><\/article><article class=\"thsn-ele thsn-ele-service thsn-service-style-1 col-md-4   \"><div class=\"themesion-post-item\">\r\n\t<div class=\"thsn-service-img-wrapper\">\r\n\t\t<div class=\"thsn-featured-wrapper\"><a href=\"https:\/\/www.solibra.com.tr\/?thsn-service=oog-y-gestion-de-proyectos&amp;lang=es\"><img decoding=\"async\" width=\"720\" height=\"650\" src=\"https:\/\/www.solibra.com.tr\/wp-content\/uploads\/2023\/05\/service-oog-1-720x650.jpg\" class=\"attachment-thsn-img-720x650 size-thsn-img-720x650 wp-post-image\" alt=\"\" \/><\/a><\/div>\t<\/div>\r\n\t<h3 class=\"thsn-service-title1\"><a href=\"https:\/\/www.solibra.com.tr\/?thsn-service=oog-y-gestion-de-proyectos&#038;lang=es\">OOG y gesti\u00f3n de proyectos<\/a><\/h3>\r\n\t<div class=\"themesion-box-content\">\r\n\t\t<div class=\"themesion-box-content-inner\">\r\n\t\t\t\t<div class=\"thsn-service-icon-wrapper\">\r\n\t\t\t\t\t<i class=\"thsn-logisto-icon thsn-logisto-icon-airplane-around-earth\"><\/i>\t\t\t\t<\/div>\r\n\t\t\t\t<h3 class=\"thsn-service-title\"><a href=\"https:\/\/www.solibra.com.tr\/?thsn-service=oog-y-gestion-de-proyectos&#038;lang=es\">OOG y gesti\u00f3n de proyectos<\/a><\/h3>\r\n\t\t\t\t\t\t<div class=\"thsn-service-btn\">\r\n\t\t\t<a class=\"btn-arrow\" href=\"https:\/\/www.solibra.com.tr\/?thsn-service=oog-y-gestion-de-proyectos&#038;lang=es\" title=\"OOG y gesti\u00f3n de proyectos\">Read More<\/a>\r\n\t\t\t<\/div>\r\n\t\t<\/div>\r\n\t<\/div>\r\n<\/div><\/article><article class=\"thsn-ele thsn-ele-service thsn-service-style-1 col-md-4   \"><div class=\"themesion-post-item\">\r\n\t<div class=\"thsn-service-img-wrapper\">\r\n\t\t<div class=\"thsn-featured-wrapper\"><a href=\"https:\/\/www.solibra.com.tr\/?thsn-service=servicios-de-tanques-iso&amp;lang=es\"><img decoding=\"async\" width=\"720\" height=\"650\" src=\"https:\/\/www.solibra.com.tr\/wp-content\/uploads\/2023\/05\/service-iso-tank-720x650.jpg\" class=\"attachment-thsn-img-720x650 size-thsn-img-720x650 wp-post-image\" alt=\"\" \/><\/a><\/div>\t<\/div>\r\n\t<h3 class=\"thsn-service-title1\"><a href=\"https:\/\/www.solibra.com.tr\/?thsn-service=servicios-de-tanques-iso&#038;lang=es\">Servicios de tanques ISO<\/a><\/h3>\r\n\t<div class=\"themesion-box-content\">\r\n\t\t<div class=\"themesion-box-content-inner\">\r\n\t\t\t\t<div class=\"thsn-service-icon-wrapper\">\r\n\t\t\t\t\t<i class=\"thsn-logisto-icon thsn-logisto-icon-airplane-around-earth\"><\/i>\t\t\t\t<\/div>\r\n\t\t\t\t<h3 class=\"thsn-service-title\"><a href=\"https:\/\/www.solibra.com.tr\/?thsn-service=servicios-de-tanques-iso&#038;lang=es\">Servicios de tanques ISO<\/a><\/h3>\r\n\t\t\t\t\t\t<div class=\"thsn-service-btn\">\r\n\t\t\t<a class=\"btn-arrow\" href=\"https:\/\/www.solibra.com.tr\/?thsn-service=servicios-de-tanques-iso&#038;lang=es\" title=\"Servicios de tanques ISO\">Read More<\/a>\r\n\t\t\t<\/div>\r\n\t\t<\/div>\r\n\t<\/div>\r\n<\/div><\/article><article class=\"thsn-ele thsn-ele-service thsn-service-style-1 col-md-4   \"><div class=\"themesion-post-item\">\r\n\t<div class=\"thsn-service-img-wrapper\">\r\n\t\t<div class=\"thsn-featured-wrapper\"><a href=\"https:\/\/www.solibra.com.tr\/?thsn-service=transporte-ferroviario-2&amp;lang=es\"><img loading=\"lazy\" decoding=\"async\" width=\"720\" height=\"650\" src=\"https:\/\/www.solibra.com.tr\/wp-content\/uploads\/2021\/07\/service-rail-1-720x650.jpg\" class=\"attachment-thsn-img-720x650 size-thsn-img-720x650 wp-post-image\" alt=\"\" \/><\/a><\/div>\t<\/div>\r\n\t<h3 class=\"thsn-service-title1\"><a href=\"https:\/\/www.solibra.com.tr\/?thsn-service=transporte-ferroviario-2&#038;lang=es\">Transporte ferroviario<\/a><\/h3>\r\n\t<div class=\"themesion-box-content\">\r\n\t\t<div class=\"themesion-box-content-inner\">\r\n\t\t\t\t<div class=\"thsn-service-icon-wrapper\">\r\n\t\t\t\t\t<i class=\"thsn-logisto-icon thsn-logisto-icon-delivery-packages-on-a-trolley\"><\/i>\t\t\t\t<\/div>\r\n\t\t\t\t<h3 class=\"thsn-service-title\"><a href=\"https:\/\/www.solibra.com.tr\/?thsn-service=transporte-ferroviario-2&#038;lang=es\">Transporte ferroviario<\/a><\/h3>\r\n\t\t\t\t\t\t<div class=\"thsn-service-btn\">\r\n\t\t\t<a class=\"btn-arrow\" href=\"https:\/\/www.solibra.com.tr\/?thsn-service=transporte-ferroviario-2&#038;lang=es\" title=\"Transporte ferroviario\">Read More<\/a>\r\n\t\t\t<\/div>\r\n\t\t<\/div>\r\n\t<\/div>\r\n<\/div><\/article><article class=\"thsn-ele thsn-ele-service thsn-service-style-1 col-md-4   \"><div class=\"themesion-post-item\">\r\n\t<div class=\"thsn-service-img-wrapper\">\r\n\t\t<div class=\"thsn-featured-wrapper\"><a href=\"https:\/\/www.solibra.com.tr\/?thsn-service=road-transportation&amp;lang=es\"><img loading=\"lazy\" decoding=\"async\" width=\"720\" height=\"650\" src=\"https:\/\/www.solibra.com.tr\/wp-content\/uploads\/2021\/07\/land-freight-solibra-720x650.png\" class=\"attachment-thsn-img-720x650 size-thsn-img-720x650 wp-post-image\" alt=\"\" \/><\/a><\/div>\t<\/div>\r\n\t<h3 class=\"thsn-service-title1\"><a href=\"https:\/\/www.solibra.com.tr\/?thsn-service=road-transportation&#038;lang=es\">Road Transportation<\/a><\/h3>\r\n\t<div class=\"themesion-box-content\">\r\n\t\t<div class=\"themesion-box-content-inner\">\r\n\t\t\t\t<div class=\"thsn-service-icon-wrapper\">\r\n\t\t\t\t\t<i class=\"thsn-logisto-icon thsn-logisto-icon-truck\"><\/i>\t\t\t\t<\/div>\r\n\t\t\t\t<h3 class=\"thsn-service-title\"><a href=\"https:\/\/www.solibra.com.tr\/?thsn-service=road-transportation&#038;lang=es\">Road Transportation<\/a><\/h3>\r\n\t\t\t\t\t\t<div class=\"thsn-service-btn\">\r\n\t\t\t<a class=\"btn-arrow\" href=\"https:\/\/www.solibra.com.tr\/?thsn-service=road-transportation&#038;lang=es\" title=\"Road Transportation\">Read More<\/a>\r\n\t\t\t<\/div>\r\n\t\t<\/div>\r\n\t<\/div>\r\n<\/div><\/article>\r\n\t\t\t<\/div>\r\n\r\n\t\t\t\r\n\t\t\r\n\t\t\r\n\t\t<\/div><!-- .themesion-element-inner -->   <\/div><!-- .themesion-element -->  \r\n\t    \t\t<\/div>\n\t\t\t\t<\/div>\n\t\t\t\t\t<\/div>\n\t\t<\/div>\n\t\t\t\t\t<\/div>\n\t\t<\/div>\n\t\t\t\t<\/div>\n\t\t","protected":false},"excerpt":{"rendered":"<p>{&#8220;cpt&#8221;:&#8221;service&#8221;,&#8221;style&#8221;:&#8221;1&#8243;,&#8221;columns&#8221;:&#8221;3&#8243;,&#8221;show&#8221;:9,&#8221;order&#8221;:&#8221;DESC&#8221;,&#8221;orderby&#8221;:&#8221;DESC&#8221;} Road Freight Road Freight Airfreight is fast-moving, challenging and constantly changing Read More Air Freight Air Freight Airfreight is fast-moving, challenging and constantly changing Read More Rail Freight Rail Freight Airfreight is fast-moving, challenging and constantly changing Read More Sea Freight Sea Freight Airfreight is fast-moving, challenging and constantly changing Read More Ground freight Ground freight Airfreight is fast-moving, challenging and constantly changing Read More Ocean Freight Ocean Freight[&hellip;]<\/p>\n","protected":false},"author":1,"featured_media":0,"parent":0,"menu_order":0,"comment_status":"closed","ping_status":"closed","template":"","meta":{"_acf_changed":false,"footnotes":""},"class_list":["post-50","page","type-page","status-publish","hentry"],"acf":[],"_links":{"self":[{"href":"https:\/\/www.solibra.com.tr\/index.php?rest_route=\/wp\/v2\/pages\/50","targetHints":{"allow":["GET"]}}],"collection":[{"href":"https:\/\/www.solibra.com.tr\/index.php?rest_route=\/wp\/v2\/pages"}],"about":[{"href":"https:\/\/www.solibra.com.tr\/index.php?rest_route=\/wp\/v2\/types\/page"}],"author":[{"embeddable":true,"href":"https:\/\/www.solibra.com.tr\/index.php?rest_route=\/wp\/v2\/users\/1"}],"replies":[{"embeddable":true,"href":"https:\/\/www.solibra.com.tr\/index.php?rest_route=%2Fwp%2Fv2%2Fcomments&post=50"}],"version-history":[{"count":0,"href":"https:\/\/www.solibra.com.tr\/index.php?rest_route=\/wp\/v2\/pages\/50\/revisions"}],"wp:attachment":[{"href":"https:\/\/www.solibra.com.tr\/index.php?rest_route=%2Fwp%2Fv2%2Fmedia&parent=50"}],"curies":[{"name":"wp","href":"https:\/\/api.w.org\/{rel}","templated":true}]}}